{"id":9,"date":"2024-10-24T19:09:29","date_gmt":"2024-10-24T22:09:29","guid":{"rendered":"http:\/\/www.lojascardoso.com.br\/?page_id=9"},"modified":"2024-10-26T18:55:14","modified_gmt":"2024-10-26T21:55:14","slug":"home","status":"publish","type":"page","link":"http:\/\/www.lojascardoso.com.br\/","title":{"rendered":"Lojas Cardoso"},"content":{"rendered":"\t\t<div data-elementor-type=\"wp-page\" data-elementor-id=\"9\" class=\"elementor elementor-9\">\n\t\t\t\t<div class=\"elementor-element elementor-element-112c9e3 e-flex e-con-boxed e-con e-parent\" data-id=\"112c9e3\" data-element_type=\"container\" data-settings=\"{&quot;background_background&quot;:&quot;classic&quot;}\">\n\t\t\t\t\t<div class=\"e-con-inner\">\n\t\t\t\t<div class=\"elementor-element elementor-element-4dbe6fc elementor-widget elementor-widget-spacer\" data-id=\"4dbe6fc\" data-element_type=\"widget\" data-widget_type=\"spacer.default\">\n\t\t\t\t<div class=\"elementor-widget-container\">\n\t\t\t\t\t<div class=\"elementor-spacer\">\n\t\t\t<div class=\"elementor-spacer-inner\"><\/div>\n\t\t<\/div>\n\t\t\t\t<\/div>\n\t\t\t\t<\/div>\n\t\t\t\t\t<\/div>\n\t\t\t\t<\/div>\n\t\t\t\t<section class=\"elementor-section elementor-top-section elementor-element elementor-element-64f06d42 elementor-section-height-min-height elementor-section-content-middle elementor-section-items-top elementor-section-boxed elementor-section-height-default\" data-id=\"64f06d42\" data-element_type=\"section\" id=\"quem-somos\" data-settings=\"{&quot;background_background&quot;:&quot;classic&quot;}\">\n\t\t\t\t\t\t\t<div class=\"elementor-background-overlay\"><\/div>\n\t\t\t\t\t\t\t<div class=\"elementor-container elementor-column-gap-default\">\n\t\t\t\t\t<div class=\"elementor-column elementor-col-50 elementor-top-column elementor-element elementor-element-1a5e54d\" data-id=\"1a5e54d\" data-element_type=\"column\">\n\t\t\t<div class=\"elementor-widget-wrap elementor-element-populated\">\n\t\t\t\t\t\t<section class=\"elementor-section elementor-inner-section elementor-element elementor-element-37ca1659 elementor-section-boxed elementor-section-height-default elementor-section-height-default\" data-id=\"37ca1659\" data-element_type=\"section\">\n\t\t\t\t\t\t<div class=\"elementor-container elementor-column-gap-default\">\n\t\t\t\t\t<div class=\"elementor-column elementor-col-100 elementor-inner-column elementor-element elementor-element-6a943f0d\" data-id=\"6a943f0d\" data-element_type=\"column\">\n\t\t\t<div class=\"elementor-widget-wrap elementor-element-populated\">\n\t\t\t\t\t\t<div class=\"elementor-element elementor-element-40c744c2 elementor-widget elementor-widget-heading\" data-id=\"40c744c2\" data-element_type=\"widget\" data-widget_type=\"heading.default\">\n\t\t\t\t<div class=\"elementor-widget-container\">\n\t\t\t<h2 class=\"elementor-heading-title elementor-size-default\">SOBRE N\u00d3S<\/h2>\t\t<\/div>\n\t\t\t\t<\/div>\n\t\t\t\t<div class=\"elementor-element elementor-element-5bc2b46b elementor-widget elementor-widget-heading\" data-id=\"5bc2b46b\" data-element_type=\"widget\" data-widget_type=\"heading.default\">\n\t\t\t\t<div class=\"elementor-widget-container\">\n\t\t\t<h2 class=\"elementor-heading-title elementor-size-default\">H\u00e1 50 anos sendo seu amigo na pra\u00e7a!<\/h2>\t\t<\/div>\n\t\t\t\t<\/div>\n\t\t\t\t<div class=\"elementor-element elementor-element-7a164240 elementor-widget elementor-widget-text-editor\" data-id=\"7a164240\" data-element_type=\"widget\" data-widget_type=\"text-editor.default\">\n\t\t\t\t<div class=\"elementor-widget-container\">\n\t\t\t\t\t\t\t<p>Estamos a mais de 50 anos ajudando voc\u00ea a mobiliar o seu sonho, com m\u00f3veis de qualidade e durabilidade. N\u00f3s, das Lojas Cardoso, somos mais que uma loja de m\u00f3veis, somos o seu amigo na pra\u00e7a.<\/p>\t\t\t\t\t\t<\/div>\n\t\t\t\t<\/div>\n\t\t\t\t\t<\/div>\n\t\t<\/div>\n\t\t\t\t\t<\/div>\n\t\t<\/section>\n\t\t\t\t\t<\/div>\n\t\t<\/div>\n\t\t\t\t<div class=\"elementor-column elementor-col-50 elementor-top-column elementor-element elementor-element-61811691\" data-id=\"61811691\" data-element_type=\"column\">\n\t\t\t<div class=\"elementor-widget-wrap elementor-element-populated\">\n\t\t\t\t\t\t<div class=\"elementor-element elementor-element-4a990cf9 elementor-widget elementor-widget-image\" data-id=\"4a990cf9\" data-element_type=\"widget\" id=\"img-sushi\" data-widget_type=\"image.default\">\n\t\t\t\t<div class=\"elementor-widget-container\">\n\t\t\t\t\t\t\t\t\t\t\t\t\t<img fetchpriority=\"high\" decoding=\"async\" width=\"942\" height=\"484\" src=\"http:\/\/www.lojascardoso.com.br\/wp-content\/uploads\/2024\/10\/logo-02.png\" class=\"attachment-full size-full wp-image-24\" alt=\"\" style=\"width:100%;height:51.38%;max-width:942px\" \/>\t\t\t\t\t\t\t\t\t\t\t\t\t<\/div>\n\t\t\t\t<\/div>\n\t\t\t\t\t<\/div>\n\t\t<\/div>\n\t\t\t\t\t<\/div>\n\t\t<\/section>\n\t\t<div class=\"elementor-element elementor-element-da39b27 e-flex e-con-boxed e-con e-parent\" data-id=\"da39b27\" data-element_type=\"container\" data-settings=\"{&quot;background_background&quot;:&quot;classic&quot;}\">\n\t\t\t\t\t<div class=\"e-con-inner\">\n\t\t<div class=\"elementor-element elementor-element-0c3dafe e-con-full e-flex e-con e-child\" data-id=\"0c3dafe\" data-element_type=\"container\">\n\t\t\t\t<div class=\"elementor-element elementor-element-27cf801 elementor-view-default elementor-position-top elementor-mobile-position-top elementor-widget elementor-widget-icon-box\" data-id=\"27cf801\" data-element_type=\"widget\" data-widget_type=\"icon-box.default\">\n\t\t\t\t<div class=\"elementor-widget-container\">\n\t\t\t\t\t<div class=\"elementor-icon-box-wrapper\">\n\n\t\t\t\t\t\t<div class=\"elementor-icon-box-icon\">\n\t\t\t\t<span  class=\"elementor-icon elementor-animation-\">\n\t\t\t\t<svg xmlns=\"http:\/\/www.w3.org\/2000\/svg\" id=\"Layer_1\" data-name=\"Layer 1\" viewBox=\"0 0 200 200\"><defs><style>      .cls-1 {        fill: #214a7a;      }    <\/style><\/defs><path class=\"cls-1\" d=\"M45.9,132.4l.9-7.4h6s8.5-70.3,8.5-70.3h95.9c5.2.3,7.2,2.8,9.3,7.1,4.5,9.3,7.9,19.4,12,28.8l11.3,6.2.3.4-4.1,33.5-5.3,2.4c-3.6,13.8-20.8,16.7-28.6,4.5s-.6-1.5-1.1-1.6h-44.4c-.7,0-1.3,1.7-1.7,2.3-3.7,5.4-9.8,8-16.3,6.6-5.9-1.3-11.1-6.5-11.8-12.6h-30.8ZM160.9,69.5h-21l-6.5,53h13.7l11-31,2.7-22ZM172.9,91l-7.1-17.6-2.2,17.6h9.3ZM91.3,123.9c-7.7.8-6.5,12.6,1.3,11.7,7.6-.8,6.3-12.5-1.3-11.7ZM164.8,123.9c-7.5.8-6.6,12.3,1.2,11.7s6.8-12.6-1.2-11.7Z\"><\/path><polygon class=\"cls-1\" points=\"55.4 58.7 54.7 65.2 13.2 65.3 12.7 65.1 10 58.7 55.4 58.7\"><\/polygon><polygon class=\"cls-1\" points=\"53.9 72.3 52.9 78.8 19.1 78.8 18.6 78.4 16 72.3 53.9 72.3\"><\/polygon><path class=\"cls-1\" d=\"M52.1,85.9c-.2,1.8-.3,3.6-.6,5.3s-.1,1.2-.4,1.3h-25.9s-.6-.3-.6-.3l-2.7-6.4h30.1Z\"><\/path><polygon class=\"cls-1\" points=\"50.5 99.4 49.6 106.1 30.9 106.1 27.8 99.4 50.5 99.4\"><\/polygon><polygon class=\"cls-1\" points=\"48.7 113 48 119.7 36.9 119.7 36.6 119.6 33.8 113 48.7 113\"><\/polygon><\/svg>\t\t\t\t<\/span>\n\t\t\t<\/div>\n\t\t\t\n\t\t\t\t\t\t<div class=\"elementor-icon-box-content\">\n\n\t\t\t\t\t\t\t\t\t<h3 class=\"elementor-icon-box-title\">\n\t\t\t\t\t\t<span  >\n\t\t\t\t\t\t\tEntrega Gr\u00e1tis\t\t\t\t\t\t<\/span>\n\t\t\t\t\t<\/h3>\n\t\t\t\t\n\t\t\t\t\n\t\t\t<\/div>\n\t\t\t\n\t\t<\/div>\n\t\t\t\t<\/div>\n\t\t\t\t<\/div>\n\t\t\t\t<\/div>\n\t\t<div class=\"elementor-element elementor-element-6697c6b e-con-full e-flex e-con e-child\" data-id=\"6697c6b\" data-element_type=\"container\">\n\t\t\t\t<div class=\"elementor-element elementor-element-b0d3042 elementor-view-default elementor-position-top elementor-mobile-position-top elementor-widget elementor-widget-icon-box\" data-id=\"b0d3042\" data-element_type=\"widget\" data-widget_type=\"icon-box.default\">\n\t\t\t\t<div class=\"elementor-widget-container\">\n\t\t\t\t\t<div class=\"elementor-icon-box-wrapper\">\n\n\t\t\t\t\t\t<div class=\"elementor-icon-box-icon\">\n\t\t\t\t<span  class=\"elementor-icon elementor-animation-\">\n\t\t\t\t<svg xmlns=\"http:\/\/www.w3.org\/2000\/svg\" id=\"Layer_1\" data-name=\"Layer 1\" viewBox=\"0 0 200 200\"><defs><style>      .cls-1 {        fill: #214a7a;      }    <\/style><\/defs><g id=\"UnTyfV.tif\"><g><path class=\"cls-1\" d=\"M60.2,27c.9.3,1.8.4,2.7.8s1.4.8,2.1,1.2c22.4,12.7,44.1,26.8,66.4,39.6,3.5,2.8,4.5,7.2,2.5,11.2s-1.8,2.8-1.6,3c3.4,1.1,6.8,2.2,10.2,3.4s8.5,2.7,11.2,4.6c7.7,5.8,10,23.6,11.7,32.7,2.8,14.8,5.1,29.6,7.7,44.4v.9c-.7,2.4-3.7,2.5-4.5.2-3.8-20-6.2-40.6-10.8-60.4-1.1-4.8-3.7-12.8-8.4-15s-11.2-4.1-16.3-5.8-2.2-.9-2.9-1-.4,0-.5.1l-2.4,4.1v.5s17.3,21.7,17.3,21.7v.4c0,0-3.4,2.6-3.4,2.6l-28.8-36.2c-2.4-2.3-4.8-3.6-8-1.9-6.6,3.5-1.5,10.6.9,15.1,6.3,12.2,13.3,24.2,19.6,36.4,1.7,4,1.1,8,1,12.1-.2,10.5,2.3,19.2,11.2,25.5.9.6,2.5,1.3,3,2.2.8,1.4,0,2.8-1.4,3.4h-1c-6.3-3.2-11.3-8.6-13.8-15.2-1-2.7-1.6-5.5-2.2-8.2-3.4-.3-8.2.5-11.3-1.1s-7.4-6.9-9.6-9.4-5.2-5.9-5.9-8.2c-1.1-3.6.1-6.8,2.9-9.2L31.1,82.3c-1.6-1.1-2.9-2.6-3.5-4.5s-.4-1.6-.6-2.4c0-.4,0-.8,0-1.1.1-1.4.6-2.7,1.3-3.9l23.4-39.3c1.3-2.1,4-3.8,6.4-4.1h2.1ZM124.1,87.6l6-10.4c.7-1.8,0-3.6-1.4-4.8L61.2,32.1c-2-1.1-4.5-.4-5.7,1.5l-23.6,39.8c-.8,1.8,0,3.9,1.6,5,21.8,12.6,43.1,26.2,65,38.7s4.7,3.1,7.5.6l3.7-6.1c-3-5.8-6.3-11.5-9.3-17.3s-7.2-13.7.3-19.1,12-1.5,16.6,3.9,4.4,5.9,6.8,8.5ZM121.1,133.9c-.1-1.6-1-3.1-1.8-4.6-2-4-4.4-8.4-6.6-12.2s-.4-.8-.5-.8c-1.2,1.9-2.1,3.6-3.8,5.2s-1.2.5-.9,1.1l5.4,8.1c2.5,1.6,5.4,2.3,8.2,3.1ZM114.9,144.9h6.2l.3-6.3c-3.8-1-9.9-2.3-12.5-5.6s-3.3-4.8-4.6-6.9-.8-1.5-1-1.7c-.6-.5-2.5.4-3,.8-3.4,2.7-.5,5.7,1.4,8.1s5.9,7.1,8.8,9.7,2.3,1.6,4.4,1.8Z\"><\/path><path class=\"cls-1\" d=\"M58.1,49.4c.9,0,1.5,0,2.4.4,2.2.9,6.3,3.5,8.3,4.9,3.7,2.5,3.1,4.7,1.1,8.1s-3,5.6-4.5,6.4-3.1.7-4.5,0c-2.1-1-6.9-3.8-8.7-5.2s-2.3-3.3-1.6-5.3,3.7-6.7,4.6-7.7,1.8-1.5,3-1.6ZM63.2,65.2l3.7-6.2-8.3-5.1-3.8,6.4,8.4,4.8Z\"><\/path><path class=\"cls-1\" d=\"M44.5,70.4c.5,0,.9,0,1.4.3l27.2,16.2c2.4,1.7.6,5.2-2.2,4l-27.5-16.4c-1.6-1.2-.8-3.9,1.2-4.1Z\"><\/path><path class=\"cls-1\" d=\"M76.9,89.8c.7-.1,1,0,1.6.3,2.8,1.2,5.7,3.7,8.5,5.1,1.9,1.7.2,4.6-2.2,3.9l-8.8-5.2c-1.6-1.1-1-3.8.9-4.1Z\"><\/path><\/g><\/g><\/svg>\t\t\t\t<\/span>\n\t\t\t<\/div>\n\t\t\t\n\t\t\t\t\t\t<div class=\"elementor-icon-box-content\">\n\n\t\t\t\t\t\t\t\t\t<h3 class=\"elementor-icon-box-title\">\n\t\t\t\t\t\t<span  >\n\t\t\t\t\t\t\tParcelamento em 12x no Cart\u00e3o\t\t\t\t\t\t<\/span>\n\t\t\t\t\t<\/h3>\n\t\t\t\t\n\t\t\t\t\n\t\t\t<\/div>\n\t\t\t\n\t\t<\/div>\n\t\t\t\t<\/div>\n\t\t\t\t<\/div>\n\t\t\t\t<\/div>\n\t\t<div class=\"elementor-element elementor-element-2ba2f47 e-con-full e-flex e-con e-child\" data-id=\"2ba2f47\" data-element_type=\"container\">\n\t\t\t\t<div class=\"elementor-element elementor-element-02e0220 elementor-view-default elementor-position-top elementor-mobile-position-top elementor-widget elementor-widget-icon-box\" data-id=\"02e0220\" data-element_type=\"widget\" data-widget_type=\"icon-box.default\">\n\t\t\t\t<div class=\"elementor-widget-container\">\n\t\t\t\t\t<div class=\"elementor-icon-box-wrapper\">\n\n\t\t\t\t\t\t<div class=\"elementor-icon-box-icon\">\n\t\t\t\t<span  class=\"elementor-icon elementor-animation-\">\n\t\t\t\t<svg xmlns=\"http:\/\/www.w3.org\/2000\/svg\" id=\"Layer_1\" data-name=\"Layer 1\" viewBox=\"0 0 200 200\"><defs><style>      .cls-1 {        fill: #214a7a;        font-family: Montserrat-BlackItalic, Montserrat;        font-size: 85.5px;        font-style: italic;        font-weight: 800;      }      .cls-2 {        letter-spacing: 0em;      }      .cls-3 {        letter-spacing: 0em;      }    <\/style><\/defs><text class=\"cls-1\" transform=\"translate(14.4 124.8)\"><tspan class=\"cls-3\" x=\"0\" y=\"0\">2<\/tspan><tspan class=\"cls-2\" x=\"46.9\" y=\"0\">4<\/tspan><tspan class=\"cls-3\" x=\"101.4\" y=\"0\">X<\/tspan><\/text><\/svg>\t\t\t\t<\/span>\n\t\t\t<\/div>\n\t\t\t\n\t\t\t\t\t\t<div class=\"elementor-icon-box-content\">\n\n\t\t\t\t\t\t\t\t\t<h3 class=\"elementor-icon-box-title\">\n\t\t\t\t\t\t<span  >\n\t\t\t\t\t\t\tCredi\u00e1rio Losango em 24x\t\t\t\t\t\t<\/span>\n\t\t\t\t\t<\/h3>\n\t\t\t\t\n\t\t\t\t\n\t\t\t<\/div>\n\t\t\t\n\t\t<\/div>\n\t\t\t\t<\/div>\n\t\t\t\t<\/div>\n\t\t\t\t<\/div>\n\t\t<div class=\"elementor-element elementor-element-5ff6133 e-con-full e-flex e-con e-child\" data-id=\"5ff6133\" data-element_type=\"container\">\n\t\t\t\t<div class=\"elementor-element elementor-element-fcfb031 elementor-view-default elementor-position-top elementor-mobile-position-top elementor-widget elementor-widget-icon-box\" data-id=\"fcfb031\" data-element_type=\"widget\" data-widget_type=\"icon-box.default\">\n\t\t\t\t<div class=\"elementor-widget-container\">\n\t\t\t\t\t<div class=\"elementor-icon-box-wrapper\">\n\n\t\t\t\t\t\t<div class=\"elementor-icon-box-icon\">\n\t\t\t\t<span  class=\"elementor-icon elementor-animation-\">\n\t\t\t\t<svg xmlns=\"http:\/\/www.w3.org\/2000\/svg\" id=\"Layer_1\" data-name=\"Layer 1\" viewBox=\"0 0 200 200\"><defs><style>      .cls-1 {        fill: #214a7a;      }    <\/style><\/defs><g id=\"_5E1Lzy.tif\" data-name=\"5E1Lzy.tif\"><g><path class=\"cls-1\" d=\"M165,81.4v80.4c-.2.8-.3,1.6-.5,2.4-1.3,4.5-5.1,8.3-9.6,9.5s-1.6.3-2.3.5H47.6c-.8-.2-1.6-.3-2.4-.5-4.5-1.3-8.3-5.1-9.5-9.6s-.3-1.6-.5-2.3v-80.4h129.9ZM56.6,100c-1.3.2-2.7,1.6-2.8,3-.5,3.8.3,8.6,0,12.5.2,1.6,1.5,2.9,3.1,3.1,3.9-.3,8.5.4,12.3,0s2.9-1.6,3.1-3.1c-.3-3.9.4-8.5,0-12.3s-1.6-3-3.1-3.1c-3.9.4-8.9-.6-12.6,0ZM93.7,100c-1.3.2-2.7,1.6-2.8,3-.5,3.8.3,8.6,0,12.5.2,1.6,1.5,2.9,3.1,3.1,3.9-.3,8.5.4,12.3,0s2.9-1.6,3.1-3.1c-.3-3.9.4-8.5,0-12.3s-1.6-3-3.1-3.1c-3.9.4-8.9-.6-12.6,0ZM130.8,100c-1.3.2-2.7,1.6-2.8,3-.5,3.8.3,8.6,0,12.5.2,1.6,1.5,2.9,3.1,3.1,3.9-.3,8.5.4,12.3,0s2.9-1.6,3.1-3.1c-.3-3.9.4-8.5,0-12.3s-1.6-3-3.1-3.1c-3.9.4-8.9-.6-12.6,0ZM56.6,137.2c-1.3.2-2.7,1.6-2.8,3-.5,3.8.3,8.6,0,12.5.2,1.6,1.5,2.9,3.1,3.1,3.9-.3,8.5.4,12.3,0s2.9-1.6,3.1-3.1c-.3-3.9.4-8.5,0-12.3s-1.6-3-3.1-3.1c-3.9.4-8.9-.6-12.6,0ZM93.7,137.2c-1.3.2-2.7,1.6-2.8,3-.5,3.8.3,8.6,0,12.5.2,1.6,1.5,2.9,3.1,3.1,3.9-.3,8.5.4,12.3,0s2.9-1.6,3.1-3.1c-.3-3.9.4-8.5,0-12.3s-1.6-3-3.1-3.1c-3.9.4-8.9-.6-12.6,0ZM130.8,137.2c-1.3.2-2.7,1.6-2.8,3-.5,3.8.3,8.6,0,12.5.2,1.6,1.5,2.9,3.1,3.1,3.9-.3,8.5.4,12.3,0s2.9-1.6,3.1-3.1c-.3-3.9.4-8.5,0-12.3s-1.6-3-3.1-3.1c-3.9.4-8.9-.6-12.6,0Z\"><\/path><path class=\"cls-1\" d=\"M77.6,25.7c.9.3,1.9.7,2.6,1.4s1.3,2,1.3,2.6v14.6h37.1v-14.7c0-.3.5-1.3.7-1.6.8-1.3,1.8-1.8,3.2-2.2h10.7c.9.3,1.9.7,2.6,1.4s1.3,2,1.3,2.6v14.6h15.3c5.2,0,10.6,5.2,12,10s.3,1.6.5,2.4v15.4H35.1c.3-5-.4-10.5,0-15.4s6.4-12.5,12.5-12.5h15.3v-14.7c0-1.6,2.4-3.6,3.9-3.8h10.7Z\"><\/path><\/g><\/g><\/svg>\t\t\t\t<\/span>\n\t\t\t<\/div>\n\t\t\t\n\t\t\t\t\t\t<div class=\"elementor-icon-box-content\">\n\n\t\t\t\t\t\t\t\t\t<h3 class=\"elementor-icon-box-title\">\n\t\t\t\t\t\t<span  >\n\t\t\t\t\t\t\tM\u00f3veis Sob Encomenda\t\t\t\t\t\t<\/span>\n\t\t\t\t\t<\/h3>\n\t\t\t\t\n\t\t\t\t\n\t\t\t<\/div>\n\t\t\t\n\t\t<\/div>\n\t\t\t\t<\/div>\n\t\t\t\t<\/div>\n\t\t\t\t<\/div>\n\t\t\t\t\t<\/div>\n\t\t\t\t<\/div>\n\t\t\t\t<section class=\"elementor-section elementor-top-section elementor-element elementor-element-7c4334ab elementor-section-full_width elementor-section-height-default elementor-section-height-default\" data-id=\"7c4334ab\" data-element_type=\"section\" data-settings=\"{&quot;background_background&quot;:&quot;classic&quot;}\">\n\t\t\t\t\t\t<div class=\"elementor-container elementor-column-gap-default\">\n\t\t\t\t\t<div class=\"elementor-column elementor-col-50 elementor-top-column elementor-element elementor-element-47603730\" data-id=\"47603730\" data-element_type=\"column\">\n\t\t\t<div class=\"elementor-widget-wrap elementor-element-populated\">\n\t\t\t\t\t\t<div class=\"elementor-element elementor-element-4b897be elementor-widget elementor-widget-heading\" data-id=\"4b897be\" data-element_type=\"widget\" data-widget_type=\"heading.default\">\n\t\t\t\t<div class=\"elementor-widget-container\">\n\t\t\t<h2 class=\"elementor-heading-title elementor-size-default\">Loja Verolme<\/h2>\t\t<\/div>\n\t\t\t\t<\/div>\n\t\t\t\t<div class=\"elementor-element elementor-element-08b2287 elementor-widget elementor-widget-image\" data-id=\"08b2287\" data-element_type=\"widget\" data-widget_type=\"image.default\">\n\t\t\t\t<div class=\"elementor-widget-container\">\n\t\t\t\t\t\t\t\t\t\t\t\t\t<img decoding=\"async\" width=\"1278\" height=\"732\" src=\"http:\/\/www.lojascardoso.com.br\/wp-content\/uploads\/2024\/10\/Captura-de-Tela-2024-10-26-as-18.24.11.png\" class=\"attachment-full size-full wp-image-36\" alt=\"\" style=\"width:100%;height:57.28%;max-width:1278px\" \/>\t\t\t\t\t\t\t\t\t\t\t\t\t<\/div>\n\t\t\t\t<\/div>\n\t\t\t\t<div class=\"elementor-element elementor-element-2bf458c elementor-widget__width-initial elementor-widget elementor-widget-google_maps\" data-id=\"2bf458c\" data-element_type=\"widget\" data-widget_type=\"google_maps.default\">\n\t\t\t\t<div class=\"elementor-widget-container\">\n\t\t\t\t\t<div class=\"elementor-custom-embed\">\n\t\t\t<iframe loading=\"lazy\"\n\t\t\t\t\tsrc=\"https:\/\/maps.google.com\/maps?q=Lojas%20Cardoso%20Verolme&#038;t=m&#038;z=16&#038;output=embed&#038;iwloc=near\"\n\t\t\t\t\ttitle=\"Lojas Cardoso Verolme\"\n\t\t\t\t\taria-label=\"Lojas Cardoso Verolme\"\n\t\t\t><\/iframe>\n\t\t<\/div>\n\t\t\t\t<\/div>\n\t\t\t\t<\/div>\n\t\t\t\t\t<\/div>\n\t\t<\/div>\n\t\t\t\t<div class=\"elementor-column elementor-col-50 elementor-top-column elementor-element elementor-element-ee19139\" data-id=\"ee19139\" data-element_type=\"column\">\n\t\t\t<div class=\"elementor-widget-wrap elementor-element-populated\">\n\t\t\t\t\t\t<div class=\"elementor-element elementor-element-a1659c1 elementor-widget elementor-widget-heading\" data-id=\"a1659c1\" data-element_type=\"widget\" data-widget_type=\"heading.default\">\n\t\t\t\t<div class=\"elementor-widget-container\">\n\t\t\t<h2 class=\"elementor-heading-title elementor-size-default\">Loja Japu\u00edba<\/h2>\t\t<\/div>\n\t\t\t\t<\/div>\n\t\t\t\t<div class=\"elementor-element elementor-element-01c7532 elementor-widget elementor-widget-image\" data-id=\"01c7532\" data-element_type=\"widget\" data-widget_type=\"image.default\">\n\t\t\t\t<div class=\"elementor-widget-container\">\n\t\t\t\t\t\t\t\t\t\t\t\t\t<img decoding=\"async\" width=\"1284\" height=\"712\" src=\"http:\/\/www.lojascardoso.com.br\/wp-content\/uploads\/2024\/10\/Captura-de-Tela-2024-10-26-as-18.24.16.png\" class=\"attachment-full size-full wp-image-37\" alt=\"\" style=\"width:100%;height:55.45%;max-width:1284px\" \/>\t\t\t\t\t\t\t\t\t\t\t\t\t<\/div>\n\t\t\t\t<\/div>\n\t\t\t\t<div class=\"elementor-element elementor-element-8fa333f elementor-widget__width-initial elementor-widget elementor-widget-google_maps\" data-id=\"8fa333f\" data-element_type=\"widget\" data-widget_type=\"google_maps.default\">\n\t\t\t\t<div class=\"elementor-widget-container\">\n\t\t\t\t\t<div class=\"elementor-custom-embed\">\n\t\t\t<iframe loading=\"lazy\"\n\t\t\t\t\tsrc=\"https:\/\/maps.google.com\/maps?q=LOJAS%20CARDOSO%20FRANCELINO%20ALVES%20DE%20LIMA&#038;t=m&#038;z=17&#038;output=embed&#038;iwloc=near\"\n\t\t\t\t\ttitle=\"LOJAS CARDOSO FRANCELINO ALVES DE LIMA\"\n\t\t\t\t\taria-label=\"LOJAS CARDOSO FRANCELINO ALVES DE LIMA\"\n\t\t\t><\/iframe>\n\t\t<\/div>\n\t\t\t\t<\/div>\n\t\t\t\t<\/div>\n\t\t\t\t\t<\/div>\n\t\t<\/div>\n\t\t\t\t\t<\/div>\n\t\t<\/section>\n\t\t\t\t<section class=\"elementor-section elementor-top-section elementor-element elementor-element-40b3e204 elementor-section-boxed elementor-section-height-default elementor-section-height-default\" data-id=\"40b3e204\" data-element_type=\"section\" data-settings=\"{&quot;background_background&quot;:&quot;classic&quot;}\">\n\t\t\t\t\t\t<div class=\"elementor-container elementor-column-gap-default\">\n\t\t\t\t\t<div class=\"elementor-column elementor-col-33 elementor-top-column elementor-element elementor-element-45968f9a\" data-id=\"45968f9a\" data-element_type=\"column\">\n\t\t\t<div class=\"elementor-widget-wrap elementor-element-populated\">\n\t\t\t\t\t\t<div class=\"elementor-element elementor-element-1684998 elementor-widget elementor-widget-image\" data-id=\"1684998\" data-element_type=\"widget\" data-widget_type=\"image.default\">\n\t\t\t\t<div class=\"elementor-widget-container\">\n\t\t\t\t\t\t\t\t\t\t\t\t\t<img loading=\"lazy\" decoding=\"async\" width=\"750\" height=\"385\" src=\"http:\/\/www.lojascardoso.com.br\/wp-content\/uploads\/2024\/10\/logo-03.png\" class=\"attachment-large size-large wp-image-38\" alt=\"\" style=\"width:100%;height:51.38%;max-width:942px\" \/>\t\t\t\t\t\t\t\t\t\t\t\t\t<\/div>\n\t\t\t\t<\/div>\n\t\t\t\t\t<\/div>\n\t\t<\/div>\n\t\t\t\t<div class=\"elementor-column elementor-col-33 elementor-top-column elementor-element elementor-element-759acb97\" data-id=\"759acb97\" data-element_type=\"column\">\n\t\t\t<div class=\"elementor-widget-wrap elementor-element-populated\">\n\t\t\t\t\t\t<div class=\"elementor-element elementor-element-da18618 e-grid-align-mobile-center elementor-shape-rounded elementor-grid-0 e-grid-align-center elementor-widget elementor-widget-social-icons\" data-id=\"da18618\" data-element_type=\"widget\" data-widget_type=\"social-icons.default\">\n\t\t\t\t<div class=\"elementor-widget-container\">\n\t\t\t\t\t<div class=\"elementor-social-icons-wrapper elementor-grid\">\n\t\t\t\t\t\t\t<span class=\"elementor-grid-item\">\n\t\t\t\t\t<a class=\"elementor-icon elementor-social-icon elementor-social-icon-facebook elementor-repeater-item-5703c41\" href=\"https:\/\/www.facebook.com\/lojascardosoangra\" target=\"_blank\">\n\t\t\t\t\t\t<span class=\"elementor-screen-only\">Facebook<\/span>\n\t\t\t\t\t\t<svg class=\"e-font-icon-svg e-fab-facebook\" viewBox=\"0 0 512 512\" xmlns=\"http:\/\/www.w3.org\/2000\/svg\"><path d=\"M504 256C504 119 393 8 256 8S8 119 8 256c0 123.78 90.69 226.38 209.25 245V327.69h-63V256h63v-54.64c0-62.15 37-96.48 93.67-96.48 27.14 0 55.52 4.84 55.52 4.84v61h-31.28c-30.8 0-40.41 19.12-40.41 38.73V256h68.78l-11 71.69h-57.78V501C413.31 482.38 504 379.78 504 256z\"><\/path><\/svg>\t\t\t\t\t<\/a>\n\t\t\t\t<\/span>\n\t\t\t\t\t\t\t<span class=\"elementor-grid-item\">\n\t\t\t\t\t<a class=\"elementor-icon elementor-social-icon elementor-social-icon-instagram elementor-repeater-item-13a7d72\" href=\"https:\/\/www.instagram.com\/lojascardosoangra\" target=\"_blank\">\n\t\t\t\t\t\t<span class=\"elementor-screen-only\">Instagram<\/span>\n\t\t\t\t\t\t<svg class=\"e-font-icon-svg e-fab-instagram\" viewBox=\"0 0 448 512\" xmlns=\"http:\/\/www.w3.org\/2000\/svg\"><path d=\"M224.1 141c-63.6 0-114.9 51.3-114.9 114.9s51.3 114.9 114.9 114.9S339 319.5 339 255.9 287.7 141 224.1 141zm0 189.6c-41.1 0-74.7-33.5-74.7-74.7s33.5-74.7 74.7-74.7 74.7 33.5 74.7 74.7-33.6 74.7-74.7 74.7zm146.4-194.3c0 14.9-12 26.8-26.8 26.8-14.9 0-26.8-12-26.8-26.8s12-26.8 26.8-26.8 26.8 12 26.8 26.8zm76.1 27.2c-1.7-35.9-9.9-67.7-36.2-93.9-26.2-26.2-58-34.4-93.9-36.2-37-2.1-147.9-2.1-184.9 0-35.8 1.7-67.6 9.9-93.9 36.1s-34.4 58-36.2 93.9c-2.1 37-2.1 147.9 0 184.9 1.7 35.9 9.9 67.7 36.2 93.9s58 34.4 93.9 36.2c37 2.1 147.9 2.1 184.9 0 35.9-1.7 67.7-9.9 93.9-36.2 26.2-26.2 34.4-58 36.2-93.9 2.1-37 2.1-147.8 0-184.8zM398.8 388c-7.8 19.6-22.9 34.7-42.6 42.6-29.5 11.7-99.5 9-132.1 9s-102.7 2.6-132.1-9c-19.6-7.8-34.7-22.9-42.6-42.6-11.7-29.5-9-99.5-9-132.1s-2.6-102.7 9-132.1c7.8-19.6 22.9-34.7 42.6-42.6 29.5-11.7 99.5-9 132.1-9s102.7-2.6 132.1 9c19.6 7.8 34.7 22.9 42.6 42.6 11.7 29.5 9 99.5 9 132.1s2.7 102.7-9 132.1z\"><\/path><\/svg>\t\t\t\t\t<\/a>\n\t\t\t\t<\/span>\n\t\t\t\t\t<\/div>\n\t\t\t\t<\/div>\n\t\t\t\t<\/div>\n\t\t\t\t\t<\/div>\n\t\t<\/div>\n\t\t\t\t<div class=\"elementor-column elementor-col-33 elementor-top-column elementor-element elementor-element-5838ac7f\" data-id=\"5838ac7f\" data-element_type=\"column\">\n\t\t\t<div class=\"elementor-widget-wrap elementor-element-populated\">\n\t\t\t\t\t\t<div class=\"elementor-element elementor-element-9b98b1f elementor-widget elementor-widget-text-editor\" data-id=\"9b98b1f\" data-element_type=\"widget\" data-widget_type=\"text-editor.default\">\n\t\t\t\t<div class=\"elementor-widget-container\">\n\t\t\t\t\t\t\t<p><b>Loja Verolme<\/b><\/p>\n<p>Avenida Conde Maur\u00edcio de Nassau, n\u00b0 45<\/p>\n<p>(24) 3361-2445 | (24) 99998-0255<\/p>\t\t\t\t\t\t<\/div>\n\t\t\t\t<\/div>\n\t\t\t\t<div class=\"elementor-element elementor-element-a1829f2 elementor-widget elementor-widget-text-editor\" data-id=\"a1829f2\" data-element_type=\"widget\" data-widget_type=\"text-editor.default\">\n\t\t\t\t<div class=\"elementor-widget-container\">\n\t\t\t\t\t\t\t<p><strong>Loja Japu\u00edba<\/strong><\/p><p>Rua Francelino Alves de Lima, n\u00b0 23<\/p><p>(24) 3377-06761 (24) 99998-9539<\/p>\t\t\t\t\t\t<\/div>\n\t\t\t\t<\/div>\n\t\t\t\t\t<\/div>\n\t\t<\/div>\n\t\t\t\t\t<\/div>\n\t\t<\/section>\n\t\t\t\t<\/div>\n\t\t","protected":false},"excerpt":{"rendered":"<p>SOBRE N\u00d3S H\u00e1 50 anos sendo seu amigo na pra\u00e7a! Estamos a mais de 50 anos ajudando voc\u00ea a mobiliar o seu sonho, com m\u00f3veis de qualidade e durabilidade. N\u00f3s, das Lojas Cardoso, somos mais que uma loja de m\u00f3veis, somos o seu amigo na pra\u00e7a. Entrega Gr\u00e1tis Parcelamento em 12x no Cart\u00e3o 24X Credi\u00e1rio&hellip; <a class=\"more-link\" href=\"http:\/\/www.lojascardoso.com.br\/\">Continuar lendo <span class=\"screen-reader-text\">Lojas Cardoso<\/span><\/a><\/p>\n","protected":false},"author":1,"featured_media":0,"parent":0,"menu_order":0,"comment_status":"closed","ping_status":"closed","template":"elementor_canvas","meta":{"footnotes":""},"class_list":["post-9","page","type-page","status-publish","hentry","entry"],"_links":{"self":[{"href":"http:\/\/www.lojascardoso.com.br\/index.php?rest_route=\/wp\/v2\/pages\/9","targetHints":{"allow":["GET"]}}],"collection":[{"href":"http:\/\/www.lojascardoso.com.br\/index.php?rest_route=\/wp\/v2\/pages"}],"about":[{"href":"http:\/\/www.lojascardoso.com.br\/index.php?rest_route=\/wp\/v2\/types\/page"}],"author":[{"embeddable":true,"href":"http:\/\/www.lojascardoso.com.br\/index.php?rest_route=\/wp\/v2\/users\/1"}],"replies":[{"embeddable":true,"href":"http:\/\/www.lojascardoso.com.br\/index.php?rest_route=%2Fwp%2Fv2%2Fcomments&post=9"}],"version-history":[{"count":19,"href":"http:\/\/www.lojascardoso.com.br\/index.php?rest_route=\/wp\/v2\/pages\/9\/revisions"}],"predecessor-version":[{"id":58,"href":"http:\/\/www.lojascardoso.com.br\/index.php?rest_route=\/wp\/v2\/pages\/9\/revisions\/58"}],"wp:attachment":[{"href":"http:\/\/www.lojascardoso.com.br\/index.php?rest_route=%2Fwp%2Fv2%2Fmedia&parent=9"}],"curies":[{"name":"wp","href":"https:\/\/api.w.org\/{rel}","templated":true}]}}